) = 1008*n**2 + 7988*n + 93. Give i(-8).
701
Let d(l) = -701*l + 21632. Calculate d(31).
-99
Let f(u) = -213*u**2 - 52*u - 52. Determine f(-1).
-213
Let k(w) = 91598*w - 1740363. Give k(19).
-1
Let s(x) = x**3 - 159*x**2 - 332*x - 24945. Calculate s(162).
3
Let v(z) = 115936*z + 1391388. Give v(-12).
156
Let k(n) = 2081*n + 183162. Calculate k(-88).
34
Let f(i) = -1911*i - 72627. Give f(-38).
-9
Let j(p) = 2*p**2 - 182*p + 3697. Give j(24).
481
Let v(k) = 40594*k + 81195. Determine v(-2).
7
Let f(a) = -a**3 + 236*a**2 + 18124*a - 2064. Calculate f(297).
15
Let k(r) = 2380*r - 973423. Determine k(409).
-3
Let r(c) = c**2 - 674*c + 113317. Calculate r(321).
4
Let c(o) = o**3 - 99*o**2 - 2674*o + 1460. Calculate c(121).
8
Let s(l) = -657*l + 2918. Determine s(4).
290
Let j(d) = -d**3 + 47*d**2 - 129*d + 1949. What is j(45)?
194
Let z(r) = 2*r**2 + 986*r + 116630. Give z(-197).
6
Let r(p) = -206*p - 35592. What is r(-170)?
-572
Let g(i) = -503*i**2 + 24122*i + 937. Determine g(48).
-119
Let u(n) = -16*n**2 + 67*n - 167. Give u(10).
-1097
Let u(v) = -31*v + 227. Give u(48).
-1261
Let r(x) = 912*x**2 + 5487*x + 3. What is r(-6)?
-87
Let g(a) = -21354*a + 832857. Determine g(39).
51
Let d(i) = 89*i**2 - 507*i - 2641. What is d(9)?
5
Let o(z) = -1934*z**2 - 20*z + 23. Determine o(1).
-1931
Let x(z) = -586*z + 35763. What is x(62)?
-569
Let g(o) = 5662*o + 181189. Calculate g(-32).
5
Let z(g) = -92*g**2 + 1934*g - 97. Determine z(21).
-55
Let z(o) = 2*o**2 - 23*o - 530. What is z(22)?
-68
Let c(o) = 1841*o**2 - 5610*o + 262. Determine c(3).
1
Let f(g) = g**3 + 54*g**2 + 689*g + 21799. Determine f(-49).
43
Let p(s) = -3*s**3 - 7*s**2 + 682*s - 4. Calculate p(14).
-60
Let a(d) = -d**2 - 331*d - 25245. Give a(-133).
1089
Let g(t) = 477*t - 59034. Determine g(122).
-840
Let x(u) = -212132*u - 848511. Calculate x(-4).
17
Let o(h) = 4*h**3 + 44*h**2 - 2*h - 21. Calculate o(-11).
1
Let r(y) = 6199*y - 607516. Determine r(98).
-14
Let b(n) = -3*n**2 + 304*n + 6467. Give b(-21).
-1240
Let w(t) = 582*t - 298100. Determine w(512).
-116
Let r(j) = 486*j**2 + 11663*j - 36. Determine r(-24).
-12
Let i(w) = -4*w**2 + 18282*w - 2326293. What is i(131)?
5
Let n(p) = p**3 + 102*p**2 + 446*p + 24534. What is n(-100)?
-66
Let p(z) = 7*z**2 - 148*z + 1029. Calculate p(10).
249
Let f(j) = 3061*j - 157588. Give f(52).
1584
Let d(c) = -2*c**3 - 106*c**2 - 9*c + 130. What is d(0)?
130
Let j(c) = 919*c - 8741. What is j(9)?
-470
Let r(l) = l**3 - 189*l**2 - 816*l + 46010. What is r(192)?
-70
Let o(s) = 2*s**3 + 19*s**2 - 121*s - 163. Calculate o(-16).
-1555
Let n(c) = -c**3 + 452*c**2 + 700*c + 94611. Calculate n(454).
179
Let x(y) = -y**2 - 307*y - 10814. Give x(-45).
976
Let y(p) = -10385*p - 93469. What is y(-9)?
-4
Let q(y) = -4*y**3 + 27*y**2 + 2376*y + 231. Give q(28).
119
Let h(u) = u**3 - 122*u**2 - 205*u + 10076. Determine h(123).
-10
Let s(d) = 2*d**3 + 129*d**2 - 586*d - 7518. Calculate s(-68).
-38
Let z(y) = 3056*y**2 + 3537*y - 3539. Determine z(1).
3054
Let q(p) = 3*p**3 + 5*p**2 + 3*p - 30. What is q(-6)?
-516
Let u(j) = j**3 + 35*j**2 - 120*j - 2960. Give u(-36).
64
Let i(a) = 3*a**3 - 356*a**2 - 10946*a + 86. Give i(144).
-202
Let d(k) = 414*k - 1784. Calculate d(5).
286
Let z(l) = -45218*l - 1944361. Determine z(-43).
13
Let d(r) = -2*r**3 + 114*r**2 + 356*r + 233. Give d(60).
-7
Let y(m) = 3*m**2 + 1480*m + 48301. Give y(-35).
176
Let u(v) = -v**3 - 91*v**2 - 1802*v + 57. Calculate u(-30).
-783
Let x(v) = -11779*v**2 + 23566*v - 26. Determine x(2).
-10
Let l(i) = i**3 + 54*i**2 - 264*i - 27876. Determine l(-47).
-5
Let d(l) = -12*l**2 + 2325*l + 6987. Calculate d(-3).
-96
Let s(c) = 275*c + 65444. Determine s(-238).
-6
Let s(y) = -6131*y - 50122. Calculate s(-8).
-1074
Let o(w) = -2*w**2 + 11321*w - 101581. Calculate o(9).
146
Let n(h) = h**2 - 348*h - 247458. Give n(-353).
-5
Let w(b) = -6*b**3 - 172*b**2 - 111*b - 7. Calculate w(-28).
-35
Let z(v) = 22796*v + 592701. Give z(-26).
5
Let g(r) = 1907*r - 272827. Calculate g(143).
-126
Let q(u) = 207*u**3 + 3*u**2 - 438*u - 441. Calculate q(-1).
-207
Let r(x) = -2*x**2 - 592*x + 6031. Determine r(10).
-89
Let x(y) = -3*y**2 - 202*y + 675. What is x(-65)?
1130
Let q(d) = -d**3 - 4*d**2 + 2184*d + 19282. What is q(-9)?
31
Let s(f) = -2043*f - 20440. Determine s(-10).
-10
Let a(d) = 21813*d - 43420. Determine a(2).
206
Let l(o) = -1285*o + 27503. Determine l(22).
-767
Let c(g) = -18*g**3 - 433*g**2 + 3*g + 118. What is c(-24)?
-530
Let f(u) = -3991*u + 9779. Determine f(3).
-2194
Let z(v) = -14342*v - 171153. Determine z(-12).
951
Let g(o) = -2*o**2 - 41745*o - 125236. What is g(-3)?
-19
Let j(a) = 20*a**3 + 1221*a**2 + 144*a + 4924. Determine j(-61).
-139
Let d(r) = -15264*r + 74474. Give d(5).
-1846
Let i(f) = -788*f + 34966. Determine i(44).
294
Let d(p) = p**3 + 28*p**2 + 220*p + 148. Determine d(-16).
-300
Let h(t) = 13*t**3 + 8*t**2 - 5*t - 29. Calculate h(-3).
-293
Let t(m) = 1355*m + 8803. What is t(-9)?
-3392
Let v(a) = -2*a**3 - 21*a**2 + 46*a + 165. Give v(-11).
-220
Let u(p) = -p**3 - 24*p**2 + 3154*p + 70573. Determine u(-22).
217
Let j(t) = -1036*t - 45594. What is j(-44)?
-10
Let a(r) = -r**2 - 5*r + 86. What is a(-19)?
-180
Let y(s) = -366*s - 15577. Determine y(-33).
-3499
Let v(z) = -3689*z + 191809. Give v(52).
-19
Let t(j) = 604*j - 16306. Give t(27).
2
Let p(r) = 2592*r - 5458. Determine p(4).
4910
Let g(j) = 5*j**3 - 13*j**2 - 141*j + 1352. Calculate g(10).
3642
Let v(c) = 4*c**3 + 899*c**2 - 264*c - 8874. Determine v(-225).
-99
Let s(g) = 3*g**3 + 39*g**2 - 7*g + 154. Determine s(-13).
245
Let g(j) = -197*j + 7853. Give g(41).
-224
Let y(o) = -2*o**3 + 243*o**2 - 21270*o + 2609827. Determine y(122).
3
Let z(c) = -7*c**2 + 513*c + 20535. Determine z(-30).
-1155
Let s(g) = 1874*g + 2099. What is s(-2)?
-1649
Let o(j) = -1239*j - 81732. What is o(-66)?
42
Let b(q) = -23*q**2 + 4504*q - 50764. Calculate b(12).
-28
Let q(p) = 197*p + 34448. Determine q(-175).
-27
Let c(a) = 92*a + 2741. Determine c(0).
2741
Let x(o) = 2*o**2 - 30*o + 135. Give x(11).
47
Let k(x) = -33933*x - 3630812. What is k(-107)?
19
Let r(k) = -89*k**2 - 296*k + 22. What is r(-4)?
-218
Let x(k) = 2*k**2 - 5671*k - 34108. Give x(-6).
-10
Let x(m) = 288*m - 17409. What is x(60)?
-129
Let m(h) = -173*h + 3473. Calculate m(14).
1051
Let d(z) = 59*z**2 - 2299*z - 7710. What is d(42)?
-192
Let i(d) = 2*d**2 + 70*d - 140. Give i(2).
8
Let o(x) = -x**2 + 68*x - 1038. What is o(50)?
-138
Let g(f) = 59883*f + 59851. Give g(-1).
-32
Let t(m) = m**3 + 125*m**2 + 687*m + 85870. Determine t(-125).
-5
Let q(z) = -3*z**2 + 3389*z - 79608. Calculate q(24).
0
Let l(h) = 152*h**2 - 118*h - 6. Calculate l(1).
28
Let p(i) = 10655*i - 1204008. Calculate p(113).
7
Let n(q) = -q**2 - 478*q - 47069. What is n(-139)?
52
Let r(x) = 5771*x - 34309. Give r(6).
317
Let t(k) = -4*k**3 - 548*k**2 + 2351*k - 380. Calculate t(4).
0
Let b(d) = -17*d**3 - 1393*d**2 + 74*d - 503. Calculate b(-82).
153
Let g(n) = -n**3 - 24*n**2 + 61*n + 189. Determine g(-26).
-45
Let t(k) = -10*k**2 - 15*k + 93. Calculate t(8).
-667
Let h(k) = -k**2 - 47*k - 1046. Give h(0).
-1046
Let m(p) = -1598*p - 20069. Calculate m(-11).
-2491
Let l(d) = 40209*d - 241611. Determine l(6).
-357
Let m(x) = 4*x**3 + 285*x**2 + 75*x - 402. Give m(-71).
-686
Let n(s) = 30*s**3 + 480*s**2 + 58*s + 1011. Give n(-16).
83
Let b(s) = 2*s**3 - 605*s**2 + 372*s - 20388. Determine b(302).
752
Let k(j) = -94165*j + 376667. Determine k(4).
7
Let v(d) = 2*d**3 - 115*d**2 - 98*d + 20494. Determine v(55).
-21
Let a(u) = 3*u**2 + 428*u + 15035. What is a(-61)?
90
Let n(k) = k**2 + 62*k + 117. Determine n(-18).
-675
Let n(j) = -j**3 + 29*j**2 + 24351*j - 146945. Give n(6).
-11
Let r(l) = 25*l**3 - 116*l**2 - 234*l. Determine r(-2).
-196
Let p(o) = -4*o**2 - 1685*o - 13445. Give p(-8).
-221
Let s(w) = 2*w**3 + 88*w**2 - 1212*w - 85. Give s(-55).
25
Let n(a) = 2*a**3 - 39*a**2 - 237*a - 935. What is n(25)?
15
Let n(b) = -954*b - 29210. Give n(-30).
-590
Let l(s) = s**3 + 59*s**2 - 17514*s - 1004798. Give l(-57).
-2
Let a(w) = -w**3 + 17*w**2 + 184*w - 184. Give a(23).
874
Let x(b) = -2*b**2 - 504*b + 22699. Give x(39).
1
Let p(f) = -3*f**3 - 592*f**2 - 1289*f + 15325. Determine p(-195).
505
Let x(l) = 7530*l